en 10 is divided by l.
4
Let q(d) = -d**2 - 8*d + 3. What is the remainder when 28 is divided by q(-6)?
13
Let o = -13 + 19. Suppose 2*c - 5 = 5*v, 38 = o*c - c - 4*v. Calculate the remainder when c is divided by 4.
2
Suppose -4*a = 4*q - 12, 0*a + 2*q = a. Suppose -a*n - 2 = -8. Calculate the remainder when ((-3)/1)/(n/(-50)) is divided by 17.
16
Suppose 2*a + a = -2*y + 40, 4*y - 2*a - 80 = 0. Calculate the remainder when y is divided by 11.
9
Let l(h) = 2*h**2. Let r be l(3). Suppose -3 + r = i. What is the remainder when i is divided by 9?
6
Let l be (-9)/(-6)*(3 - -3). Suppose -4*t = -3*t + 3*h - 1, -l = 3*h. Calculate the remainder when 27 is divided by t.
7
Let z = 4 - -22. Let d = 9 + z. What is the remainder when d is divided by (-1)/(-4) + (-213)/(-12)?
17
Let x(u) = -u**3 + 6*u**2 - u + 1. Let r be (-86)/(-18) - 14/(-63). Suppose 4*p - 42 = 2. Calculate the remainder when x(r) is divided by p.
10
Let q = -6 - -5. Calculate the remainder when 103 + -17 + q/(-1) is divided by 22.
21
Suppose w = -2*v + 5, 5*v + 4*w - 12 = w. Suppose -4*m + v + 5 = 0. Suppose -2*r = m*r - 44. Calculate the remainder when 20 is divided by r.
9
Let l(d) = -d**3 + 7*d**2 - 8*d + 8. Calculate the remainder when l(5) is divided by 11.
7
Suppose 4*q - 26 = -y - 7, -5*q = 10. Let g(a) = 2*a - 46. Calculate the remainder when y is divided by g(26).
3
Calculate the remainder when 3*(22/4)/(5/10) is divided by 19.
14
Let z(s) = -s + 4. Calculate the remainder when z(-2) is divided by 3.
0
Suppose q + 2*o = 3*q + 8, -q - 8 = -2*o. Suppose q*a = 5*a - 240. What is the remainder when a is divided by 25?
23
Suppose 44 = i - 13. Suppose -4*a = -i + 21. Calculate the remainder when a is divided by 4.
1
Let d = -6 - -4. Calculate the remainder when 37 is divided by (-2)/(-4)*(d + 40).
18
Calculate the remainder when 146 is divided by (-186)/(-5) + (-12)/60.
35
Let s be 2/4 + 8/(-16). Suppose s = v + 2*v - 6. What is the remainder when 4 is divided by v?
0
Let k = 49 - 17. Let i = k + -9. Calculate the remainder when 44 is divided by i.
21
Suppose -5*b - 465 = -4*d, -b - 5*d = 2*b + 279. What is the remainder when b/9*(-3 - 0) is divided by ((-3)/(-2))/(3/32)?
15
Let n(b) = -b + 57. What is the remainder when n(0) is divided by 15?
12
Let q be 1/6 - 145/(-30). Suppose 0 = -o - 5*j + 8 + 5, q*j - 26 = -2*o. What is the remainder when o is divided by 8?
5
Let l = -5 - -8. Let u = l + 4. Let i(c) = c**2 + 4. Calculate the remainder when i(-4) is divided by u.
6
Let u(j) = 7*j - 10. What is the remainder when 47 is divided by u(5)?
22
Suppose z = -a + 5, 0 = -2*a + 2*z - 7*z + 1. Calculate the remainder when a is divided by 7.
1
Let t(i) = i + 10. What is the remainder when 34 is divided by t(8)?
16
Suppose -4*r + 5*y + 127 = 0, 3*y = -r + 3*r - 65. What is the remainder when 52 is divided by r?
24
Suppose -4*i + 54 = 2*b, i - 13 = -4*b + 3*b. Suppose -2*o + i = 6. Calculate the remainder when 6 is divided by o.
2
Let g(o) = -29*o + 3. Let m be g(-6). Suppose -4*r + 182 = -2*j, 4*r + 2*j - m = 3*j. Calculate the remainder when r is divided by 15.
13
Suppose -2*w + 3*w - 8 = 0. Suppose 0 = -2*d - 5*h + 17, -2*d + 7*h - 3*h = -w. What is the remainder when 16 is divided by d?
4
Suppose 366 = 9*a - 273. Calculate the remainder when a is divided by 25.
21
Let c(b) = -b**2 + 15*b - 8. Let i = 4 - 12. Let j = i - -24. What is the remainder when c(6) is divided by j?
14
What is the remainder when 6/15 - 804/(-15) is divided by 30?
24
Let h = 8 + -2. Suppose 0 = -h*l + l + 35. Suppose 9 - 25 = -5*o + 4*q, 4*o + q = 17. What is the remainder when l is divided by o?
3
Let t(f) = -f + 8. What is the remainder when 63 is divided by t(-14)?
19
Let j = 16 + -10. Suppose -3*u + j*u = -5*k + 55, 2*k - 3 = -5*u. What is the remainder when 40 is divided by k?
12
Let z(t) = -4*t - t + 4*t + 0*t + 3. Let q be z(3). Suppose q*r - 3 = -r. What is the remainder when r is divided by 1?
0
Suppose 2*i - 2*v = 6, i - 7 + 4 = -5*v. Suppose -57 = -i*t - t + 5*y, t - y = 13. Suppose 0 = -3*x + t + 22. Calculate the remainder when 19 is divided by x.
9
Let p be 12420/(-42) - 4/14. Calculate the remainder when p/(-40) - (-4)/(-10) is divided by 3.
1
Let n(d) = d + 1. Calculate the remainder when -2 - (4 + -2) - -10 is divided by n(3).
2
Let x = 6 - -1. What is the remainder when (-3)/((-9)/96) + 1 is divided by x?
5
Suppose -2*p + 9 = 1. Suppose -4*u = -4*r + 256, p*u = 5*r + 8*u - 284. Suppose 5*s - r = 15. Calculate the remainder when 28 is divided by s.
13
Let q = 24 - 6. Calculate the remainder when 42*(-3)/q*-3 is divided by 12.
9
Suppose 3*o = 2*x + 318, 2*o - 4*x - 132 = 88. What is the remainder when o is divided by 27?
23
Let h = -21 - -9. Let n = 32 + h. Calculate the remainder when n is divided by 7.
6
Let u(l) = 4*l + 1. Let t = 3 + -4. Let p be u(t). Let z = p + 9. What is the remainder when 10 is divided by z?
4
Suppose t - 2*n - 21 + 3 = 0, -5*t - n + 68 = 0. What is the remainder when 41 is divided by t?
13
Suppose k = -4 - 6. Let d = k - -36. Suppose 0 = -3*r - 0*r + 27. What is the remainder when d is divided by r?
8
Let l(t) = t + 3. Let y be l(-3). Suppose y = j - 2 - 2. Suppose 30 = -16*w + 21*w. What is the remainder when w is divided by j?
2
Let w = -148 + 273. Suppose 3*q = -3*c + 90, 5*c + 3*q = c + w. What is the remainder when c is divided by 12?
11
Let y be (-1)/(4/(-24)*2). Suppose -1 = -b + y*v, -28 + 2 = -b - 2*v. Let r(q) = 6*q - 3. Calculate the remainder when b is divided by r(2).
7
Let n be (-2)/3*(-45)/6. Suppose n*g + 4 = g, -3 = s + 5*g. Suppose 8 = -0*m + s*m. Calculate the remainder when 6 is divided by m.
2
Suppose 175 = 9*v - 2*v. Calculate the remainder when 67 is divided by v.
17
Suppose 130 = 3*r - 11. What is the remainder when r is divided by 25?
22
Suppose 212 = -2*z + 6*z. Let d be (10/(-8))/(2/(-8)). Suppose 4*w + 0*w + d*p - z = 0, -2*w = -p - 9. What is the remainder when 13 is divided by w?
6
Let x(z) = -2*z**3 - 3*z**2 + 3*z - 1. Let c be x(-3). Let h = c - -6. What is the remainder when 45 is divided by h?
22
Let w = 24 + -16. Suppose 27 = y + 2*c, 3*y + 4*c - 25 = 52. Calculate the remainder when y is divided by w.
7
Suppose -5*r - 35 = -l - 131, 5*r + 4*l - 91 = 0. What is the remainder when 74 is divided by r?
17
Let f(y) = -y**3 + 8*y**2 - 2*y - 2. Calculate the remainder when f(7) is divided by 12.
9
Let t = 13 + 0. Let u(l) = l**3 - 8*l**2 + 7*l + 4. Let n be u(7). Suppose -7 = -n*s + 13. What is the remainder when t is divided by s?
3
Suppose 3*f = 4*f - 12. Let a be f/30*(1 + -6). Let v = a + 13. Calculate the remainder when v is divided by 4.
3
Let c = 43 + -3. What is the remainder when 79 is divided by c?
39
Let r = -4 - -4. Let w(j) = -j + 14. What is the remainder when 25 is divided by w(r)?
11
Suppose 0 = -13*j + 185 + 75. What is the remainder when 136 is divided by j?
16
Let q(t) = -t**2 - 6. Let j be q(-5). Let c = -18 - j. What is the remainder when 38 is divided by c?
12
Suppose -59 = -4*t - 3*r, r + 3*r = -5*t + 74. Calculate the remainder when 41 is divided by t.
13
Let j(n) = 14*n**2 + 2*n + 1. Let y(v) = -v - 6. Let d be y(-5). What is the remainder when 51 is divided by j(d)?
12
Suppose 5*x - 11 - 9 = 0. What is the remainder when 9 is divided by x?
1
Let x = -14 + 20. Suppose j = x*j - 95. Calculate the remainder when (-788)/(-14) - 6/21 is divided by j.
18
Let g(z) = -2*z**3 - 6*z**2 - 5*z - 6. Suppose -2*o + 5*h + 0*h = -57, 0 = o + 3*h - 1. What is the remainder when g(-4) is divided by o?
14
Suppose -3*z = 4*z - 217. What is the remainder when z is divided by 11?
9
Let o(s) = s + 5. Let f be o(6). Let h = f + -6. Let m(w) = w. Calculate the remainder when 18 is divided by m(h).
3
Suppose -2*j - 48 = -x + 5*x, 0 = -x + 3*j + 2. Suppose -3*q = 4*m - 48, -q + 4*m + 29 = -3. What is the remainder when 15 is divided by (x/25)/((-1)/q)?
7
Suppose 3*h + 80 = 3*a - a, 3*h = -a + 22. Suppose -2*i + 94 = 3*i + 4*c, -2*c = -2. What is the remainder when a is divided by i?
16
Let p(k) = k**2 - 7*k + 3. Let r be p(9). Calculate the remainder when 2/7 - (-603)/r is divided by 15.
14
Suppose -5*b = 2*b - 126. Calculate the remainder when b is divided by 6.
0
Suppose -18 = -3*y + 5*r + 5, -2*r - 40 = -4*y. Let q(x) = y*x - 4 + 4. What